of 4835.
5, 967
List the prime factors of 43558.
2, 29, 751
What are the prime factors of 6913?
31, 223
List the prime factors of 10317.
3, 19, 181
List the prime factors of 43083.
3, 4787
List the prime factors of 1230.
2, 3, 5, 41
What are the prime factors of 2737?
7, 17, 23
List the prime factors of 360.
2, 3, 5
What are the prime factors of 1858?
2, 929
List the prime factors of 11626.
2, 5813
What are the prime factors of 139378?
2, 227, 307
List the prime factors of 38905.
5, 31, 251
What are the prime factors of 974?
2, 487
List the prime factors of 31238.
2, 15619
List the prime factors of 8564.
2, 2141
List the prime factors of 10570.
2, 5, 7, 151
List the prime factors of 19226.
2, 9613
List the prime factors of 6831.
3, 11, 23
What are the prime factors of 2332?
2, 11, 53
What are the prime factors of 30091?
30091
List the prime factors of 736.
2, 23
List the prime factors of 329.
7, 47
What are the prime factors of 13080?
2, 3, 5, 109
List the prime factors of 1935.
3, 5, 43
List the prime factors of 1680.
2, 3, 5, 7
What are the prime factors of 1352?
2, 13
What are the prime factors of 742?
2, 7, 53
What are the prime factors of 41622?
2, 3, 7, 991
List the prime factors of 7730.
2, 5, 773
List the prime factors of 37328.
2, 2333
List the prime factors of 5282.
2, 19, 139
List the prime factors of 3354.
2, 3, 13, 43
List the prime factors of 5721.
3, 1907
What are the prime factors of 17176?
2, 19, 113
List the prime factors of 8558.
2, 11, 389
What are the prime factors of 19911?
3, 6637
What are the prime factors of 11276?
2, 2819
What are the prime factors of 28918?
2, 19, 761
List the prime factors of 9714.
2, 3, 1619
What are the prime factors of 106?
2, 53
What are the prime factors of 845?
5, 13
List the prime factors of 2207.
2207
What are the prime factors of 10716?
2, 3, 19, 47
What are the prime factors of 617?
617
What are the prime factors of 125196?
2, 3, 10433
List the prime factors of 72607.
17, 4271
What are the prime factors of 940?
2, 5, 47
What are the prime factors of 1165?
5, 233
List the prime factors of 302.
2, 151
What are the prime factors of 15814?
2, 7907
What are the prime factors of 920?
2, 5, 23
List the prime factors of 2220.
2, 3, 5, 37
List the prime factors of 26198.
2, 13099
What are the prime factors of 1710?
2, 3, 5, 19
What are the prime factors of 92056?
2, 37, 311
What are the prime factors of 19910?
2, 5, 11, 181
What are the prime factors of 715?
5, 11, 13
What are the prime factors of 4047?
3, 19, 71
What are the prime factors of 1736?
2, 7, 31
List the prime factors of 1440.
2, 3, 5
What are the prime factors of 358?
2, 179
List the prime factors of 687.
3, 229
What are the prime factors of 1811?
1811
What are the prime factors of 23147?
79, 293
List the prime factors of 3804.
2, 3, 317
What are the prime factors of 755?
5, 151
List the prime factors of 160530.
2, 3, 5, 5351
List the prime factors of 19248.
2, 3, 401
What are the prime factors of 4835?
5, 967
List the prime factors of 902.
2, 11, 41
What are the prime factors of 13829?
13829
What are the prime factors of 28076?
2, 7019
What are the prime factors of 13650?
2, 3, 5, 7, 13
What are the prime factors of 5901?
3, 7, 281
List the prime factors of 602.
2, 7, 43
List the prime factors of 1915.
5, 383
List the prime factors of 1847.
1847
What are the prime factors of 881?
881
List the prime factors of 16.
2
What are the prime factors of 2309?
2309
List the prime factors of 33367.
61, 547
What are the prime factors of 2760?
2, 3, 5, 23
What are the prime factors of 5276?
2, 1319
List the prime factors of 2429.
7, 347
What are the prime factors of 2332?
2, 11, 53
What are the prime factors of 2792?
2, 349
List the prime factors of 18734.
2, 17, 19, 29
List the prime factors of 5909.
19, 311
List the prime factors of 1312.
2, 41
What are the prime factors of 7823?
7823
List the prime factors of 47453.
7, 6779
List the prime factors of 1671.
3, 557
What are the prime factors of 19139?
19139
What are the prime factors of 11951?
17, 19, 37
List the prime factors of 71315.
5, 17, 839
List the prime factors of 66643.
66643
List the prime factors of 34675.
5, 19, 73
What are the prime factors of 3658?
2, 31, 59
What are the prime factors of 10291?
41, 251
List the prime factors of 4379.
29, 151
List the prime factors of 924.
2, 3, 7, 11
What are the prime factors of 102124?
2, 11, 211
What are the prime factors of 278?
2, 139
List the prime factors of 1349.
19, 71
What are the prime factors of 1189?
29, 41
What are the prime factors of 1385?
5, 277
List the prime factors of 5254.
2, 37, 71
What are the prime factors of 660?
2, 3, 5, 11
What are the prime factors of 464?
2, 29
What are the prime factors of 275?
5, 11
List the prime factors of 7554.
2, 3, 1259
What are the prime factors of 76002?
2, 3, 53, 239
What are the prime factors of 5557?
5557
What are the prime factors of 56403?
3, 2089
List the prime factors of 4119.
3, 1373
List the prime factors of 806.
2, 13, 31
List the prime factors of 8262.
2, 3, 17
List the prime factors of 10089.
3, 19, 59
List the prime factors of 3173.
19, 167
List the prime factors of 140939.
140939
List the prime factors of 1963.
13, 151
List the prime factors of 525.
3, 5, 7
List the prime factors of 1768.
2, 13, 17
What are the prime factors of 1140?
2, 3, 5, 19
What are the prime factors of 295?
5, 59
What are the prime factors of 3115?
5, 7, 89
List the prime factors of 57627.
3, 19, 337
What are the prime factors of 24239?
24239
List the prime factors of 8773.
31, 283
What are the prime factors of 21136?
2, 1321
What are the prime factors of 1382?
2, 691
List the prime factors of 25860.
2, 3, 5, 431
What are the prime factors of 11830?
2, 5, 7, 13
List the prime factors of 28465.
5, 5693
List the prime factors of 19567.
17, 1151
List the prime factors of 712.
2, 89
List the prime factors of 19630.
2, 5, 13, 151
List the prime factors of 36595.
5, 13, 563
What are the prime factors of 1940?
2, 5, 97
What are the prime factors of 3295?
5, 659
What are the prime factors of 76496?
2, 7, 683
What are the prime factors of 28853?
11, 43, 61
What are the prime factors of 17190?
2, 3, 5, 191
What are the prime factors of 1401?
3, 467
What are the prime factors of 3723?
3, 17, 73
What are the prime factors of 159092?
2, 31, 1283
What are the prime factors of 25393?
67, 379
What are the prime factors of 5148?
2, 3, 11, 13
List the prime factors of 1646.
2, 823
List the prime factors of 11994.
2, 3, 1999
List the prime factors of 218.
2, 109
List the prime factors of 33034.
2, 83, 199
What are the prime factors of 168?
2, 3, 7
What are the prime factors of 47686?
2, 113, 211
List the prime factors of 912.
2, 3, 19
List the prime factors of 14528.
2, 227
What are the prime factors of 6540?
2, 3, 5, 109
List the prime factors of 1927.
41, 47
What are the prime factors of 16243?
37, 439
List the prime factors of 42419.
13, 251
What are the prime factors of 971?
971
List the prime factors of 13828.
2, 3457
List the prime factors of 5964.
2, 3, 7, 71
What are the prime factors of 2746?
2, 1373
List the prime factors of 4225.
5, 13
List the prime factors of 196.
2, 7
List the prime factors of 3388.
2, 7, 11
List the prime factors of 846.
2, 3, 47
What are the prime factors of 57895?
5, 11579
What are the prime factors of 37189?
37189
What are the prime factors of 19249?
19249
What are the prime factors of 14203?
7, 2029
What are the prime factors of 51465?
3, 5, 47, 73
List the prime factors of 61146.
2, 3, 43, 79
What are the prime factors of 1860?
2, 3, 5, 31
What are the prime factors of 349?
349
What are the prime factors of 1003?
17, 59
What are the prime factors of 67363?
31, 41, 53
What are the prime factors of 901?
17, 53
What are the prime factors of 1695?
3, 5, 113
List the prime factors of 1545.
3, 5, 103
List the prime factors of 894.
2, 3, 149
What are the prime factors of 1934?
2, 967
List the prime factors of 6564.
2, 3, 547
What are the prime factors of 339?
3, 113
What are the prime factors of 33307?
19, 1753
What are the prime factors of 89?
89
List the prime factors of 1018.
2, 509
What are the prime factors of 956?
2, 239
List the prime factors of 226.
2, 113
What are the prime factors of